 -1)) + 1 + 1?
-4
Evaluate -5 - (1 - (9 + -9)).
-6
Evaluate -6 - (5 - (3 - -3)).
-5
What is the value of 4 + 2 - (4 - 5 - 0)?
7
Evaluate -9 + 5 - 1 - (1 - -2).
-8
Calculate 18 - 18 - (-1 + -5 - -2).
4
What is 3 + -2 - -1 - -1?
3
What is -10 + 0 + -2 - -6?
-6
17 - 8 - 7 - -1
3
What is -7 + 12 - (3 - (-3 + 5))?
4
-5 + -6 + 5 + 3
-3
Evaluate 10 + (2 - ((7 - 3) + 1)).
7
What is the value of 7 + -4 + (3 - 0 - 1)?
5
Evaluate -13 + 12 - (3 + -1 - -2).
-5
What is (-4 - (-3 - -2)) + (1 - 2)?
-4
What is the value of -1 + -1 - (-3 + -2)?
3
Calculate (0 - -8) + (-14 - -1).
-5
(-2 + 2 - -8) + -12 + 9
5
Evaluate -6 + -8 + -7 - -11.
-10
5 + -13 + 3 - (-1 - -1)
-5
What is -7 - 2 - (11 - 22)?
2
(-14 - -11 - -4) + -1
0
What is 0 + 2 - (4 + (-6 - 0))?
4
What is the value of -1 - ((0 - 1) + 4 + 0)?
-4
Calculate 0 + 2 + -2 + (-6 - -8).
2
What is the value of (2 - (-4 - -10)) + 2 + -3?
-5
Calculate 5 + (0 - (-8 - -14)).
-1
-3 + -6 + 8 + -5
-6
Evaluate 1 + (1 - 3 - -2).
1
8 + -3 + 5 + -5
5
What is the value of 2 + (4 - -9 - (0 + 4))?
11
Calculate 2 + -3 - -8 - (-80 - -81).
6
Calculate -2 + 2 + 3 + 3 + 2.
8
Calculate 1 + -3 + 6 + -7.
-3
(-4 - 3) + 2 + 0
-5
Evaluate 12 - 13 - (-15 - -3 - -4).
7
Evaluate 25 + -29 + (7 - (4 - 2)).
1
Calculate (2 - -20) + 106 + -119.
9
Evaluate -12 + 12 - (16 - 12).
-4
-24 - (16 + -32) - (-18 + -1)
11
Calculate 0 + -2 - (0 + (1 - 1)).
-2
3 - (10 - (1 - -1))
-5
What is (-5 - 4) + (-2 - -12)?
1
Calculate -2 + 3 - 8 - (-1 - 1).
-5
What is (6 - 2) + -7 - -4?
1
What is the value of 6 - (-5 + (11 - 3))?
3
(-2 - 2) + 3 + 4 + -2
1
What is the value of (0 - -4 - 12) + (3 - -1)?
-4
What is (-3 - (1 + -1)) + -2 + 3?
-2
-8 + (-5 - -7 - -4)
-2
-11 - (14 - 10 - 20)
5
Evaluate 4 + 5 + -6 + -20 - -8.
-9
(2 - 2) + (4 - 0) + 0
4
Calculate -13 + 14 + (-8 - 0) + 2.
-5
-11 + 0 - (26 - 30)
-7
Calculate -5 + (9 - 0) - 3.
1
Calculate 0 + 2 + -2 - (32 - 35).
3
4 - (-5 - -2) - 3
4
What is -3 - -2 - (0 - (-1 + -2))?
-4
What is (6 - (11 + -5)) + -2 + 0?
-2
What is the value of 4 - (0 + -5 + (-2 - -16))?
-5
Evaluate 15 - (2 + 4) - 3.
6
Calculate (12 + -10 - (1 - 0)) + 3.
4
Calculate (-2 + 4 - 6 - -1) + 2.
-1
Evaluate 0 + -5 + 7 + -5.
-3
Calculate -2 + -4 + 11 - (8 - 1).
-2
Evaluate (-7 - -12) + 0 + -3.
2
(4 - -8) + 2 + -4
10
What is the value of 0 - (7 + -9) - 10?
-8
Evaluate 6 + -6 + (-4 - 0).
-4
-2 + 0 + 7 + (2 - 2)
5
What is 2 + -17 - (1 - 9)?
-7
Evaluate -1 + 1 - (0 + 4) - -4.
0
Evaluate -3 - (3 + 1 + -9).
2
0 - (5 + -4 + 3 - 0)
-4
What is 0 + 9 + -10 - -6?
5
-4 + 4 + -3 - -6 - 3
0
What is the value of -1 - 11 - (59 - 71)?
0
Calculate 10 + (-8 - 3) + -2.
-3
What is -6 - -2 - (6 + -9)?
-1
1 + 3 + -4 + 1 - 0
1
Calculate 0 - 0 - (5 + 0 - 3).
-2
1 - -1 - (5 + -2)
-1
-4 - (-5 + 2) - (3 - 1)
-3
Evaluate 2 + (-1 - (0 - -1)) + 4.
4
-3 - ((-4 - -5) + -3)
-1
Calculate 10 - (8 - (10 - 10)).
2
What is -1 - ((5 - 3) + 1)?
-4
What is -4 - ((-10 - -5) + 1 + 2)?
-2
-10 + 9 - (3 - -2)
-6
What is -1 + 1 + (-1 + 1 - 4)?
-4
(-4 - 0) + (25 - 18)
3
-11 - -9 - (-5 + 1)
2
Calculate 5 + -5 + (-4 + 3 - -4).
3
Calculate (-4 - (3 + 1 - 5)) + 7.
4
What is the value of 3 + -1 - (2 + (8 - 6))?
-2
Evaluate -4 + -3 + 2 + 11.
6
Evaluate 0 + -4 - (-1 + (-3 - -4)).
-4
Evaluate 6 + -2 - (-4 - (-2 + -3)).
3
What is -45 + 51 + (-14 - 0)?
-8
Evaluate (-5 - (-3 + 2)) + -3 + 4.
-3
What is the value of (-29 + 25 - (0 + -4)) + 5?
5
Evaluate 4 + 5 + 3 + -22 + 6.
-4
Calculate 2 + -4 + (-2 - 1).
-5
Calculate 1 + 1 + (-7 + 6 - -2).
3
Evaluate (-9 - -7) + -23 + 18.
-7
What is the value of 51 + -42 + (-1 - -3 - 3)?
8
8 + -6 + 5 - 4 - -2
5
Evaluate (-16 - -11) + (-5 - (-14 - -4)).
0
-4 - -1 - (-5 - -4)
-2
-4 - -1 - (1 - (1 - 1))
-4
Calculate 7 - (-4 - -5 - -3).
3
(44 - 54) + (-2 - -12)
0
Calculate -57 + 47 + -1 + 14.
3
Evaluate 0 + 7 + -75 + 65.
-3
Calculate 1 + (4 + -1 - (2 + 7)).
-5
Calculate -8 + (-6 - -15) + -1.
0
Calculate (-5 - (6 + 3 + -18)) + -1.
3
(3 - 2) + 9 + -7
3
What is (8 - 6) + 0 - 1?
1
Calculate (-1 - -1) + 2 + -3 + 5.
4
What is -5 - (-11 - (-5 - 0))?
1
Calculate 0 + -8 + -18 + 23.
-3
-16 - (-4 + 5 + -12)
-5
Calculate -3 + 5 + -5 + 0.
-3
9 + 22 + -13 + -10
8
17 + 0 - (-63 + 72)
8
What is the value of 30 + -25 + -3 + 0?
2
What is -1 + 1 - (17 - 19)?
2
Evaluate -3 - (11 - 6 - 5).
-3
What is (1 - (1 - -3)) + 5?
2
Calculate 3 - 3 - (10 + -2) - -4.
-4
What is -10 + (9 - 4) + 0 + -1?
-6
Evaluate -4 + 8 + 0 - 0.
4
Evaluate -4 - ((-2 - -2) + 2) - -2.
-4
Calculate -3 + (-3 - (1 + (-4 - 0))).
-3
What is the value of -1 - 1 - (0 - (3 - 1))?
0
What is the value of 74 + -79 - (-1 - 2)?
-2
(0 - 0) + 4 + -5
-1
6 - (-5 + 9 + -4)
6
-3 + 0 + (20 + -11 - -5)
11
Evaluate (-2 - -5 - (4 - -1)) + -1.
-3
4 - (1 + 1 + 5)
-3
Evaluate 0 - (3 - (-9 + 22)).
10
-4 + 3 + (8 - -2)
9
Evaluate 7 - (2 - -5) - -2.
2
3 + -4 + 5 - 0
4
-2 + (9 - (-7 - -21))
-7
Calculate 5 - (2 + 6 - 1).
-2
What is 7 + (-8 - 1 - (-6 + 2))?
2
-2 + (13 - 13) + 1 + 1
0
3 + -7 + 9 + -15
-10
Evaluate -5 - (-5 - (6 + -6)).
0
What is the value of 0 + (18 - 8) + -3 + 0?
7
Evaluate -4 + 5 - -4 - (9 - 2).
-2
Calculate -34 + 36 + (-2 - (1 - 7)).
6
Calculate (3 + -7 - -7) + (1 - -1).
5
Calculate 2 + (30 + -32 - (-1 - 3)).
4
-8 + (-2 - -7) + 1
-2
What is -3 + (-3 - (0 - 7)) - 6?
-5
Calculate (0 - 11) + 10 + -6.
-7
What is -5 - ((12 - 9) + -1)?
-7
-1 + (1 + -2 - -1)
-1
Evaluate 4 + (-19 + 6 - -6).
-3
Evaluate -21 - -12 - (-2 + -2 + 1).
-6
Calculate 2 - (1 - -3 - (-1 + 5)).
2
-32 + 33 + -1 + 3 + -1
2
Evaluate -3 + -1 + 3 + 2 + 3.
4
What is the value of -4 + (3 - 3 - 0) + -1?
-5
Calculate 11 - 16 - (-1 - 8).
4
What is the value of (0 - 4) + (-4 - 0 - -7)?
-1
Calculate -4 - 11 - (7 - 9 - 6).
-7
What is the value of (0 - -6 - 3) + (14 - 20)?
-3
What is the value of (1 - -4) + (3 - 5)?
3
Calculate (-2 - (2 + 0)) + -1 + 2.
-3
Evaluate (-2 - (-5 - -3)) + -4.
-4
Calculate 6 + -9 + -1 - -4.
0
Evaluate (1 - 4 - -6) + 0.
3
Evaluate (-9 - 0) + 14 + (8 - 20).
-7
Calculate 8 - (-1 + 6) - 3.
0
Calculate -3 - (4 + 0 + -1 - 3).
-3
Evaluate 1 + -4 + (6 - 3).
0
Evaluate -4 - 0 - 1 - -9 - 5.
-1
What is the value of (3 - -13) + -7 - 5?
4
Calculate (6 - 6) + (4 - 4).
0
(4 + 1 - 3) + (15 - 16)
1
What is the value of 5 + (-7 - 0) - -5?
3
What is the value of -3 - -1 - (-8 + 3 + 2)?
1
Evaluate (0 - 0) + -2 - (-6 - -1).
3
Evaluate 5 + -6 + 7 - -1.
7
What is the value of -2 + (-1 - 1) + 2 + -4?
-6
What is the value of 4 - 1 - (189 + -180)?
-6
What is the value of 1 + 0 - (-11 - (8 + -25))?
-5
-11 + 8 - (4 + -4)
-3
What is the value of 1 - (-2 - -4) - -2?
1
Calculate 1 + -8 + 4 + -2.
-5
Evaluate -4 + 5 - (2 + 0).
-1
What is the value of 5 + (-1 - 5) + 4?
3
-2 + (11 - (6 - 1))
4
Evaluate (1 - -1) + (1 - 1) + 3.
5
What is the value of (72 - 71) + (-8 - -1)?
-6
Calculate (-13 + 11 - (-11 + -1)) + -5.
5
What is -2 + -1 + 1 + (159 - 153)?
4
Calculate 2 + -1 + 2 + (8 - 9).
2
What is the value of (-2 - 1) + 101 + -94?
4
Evaluate -13 + (2 - -5) + 3 + -4.
-7
What is the value of -8 - -4 - (3 + -8 + -2)?
3
What is the value of ((1 - 0) + -3 - -7) + -1?
4
Calculate (-9 + 16 - 1) + 1.
7
-6 + 9 + (1 - 1) + -6
-3
-7 + 5 + 0 + 0
-2
Evaluate -16 - (-11 - (0 - 3)).
-8
(2 + -2 - -3) + -3 - 2
-2
-4 + (7 + 8 - (1 + 4))
6
What is 2 - (5 + 3 - 1)?
-5
What is the value of 0 + (0 - 1) - (4 + -5)?
0
Calculate -6 + 7 + (2 - (2 - 5)).
6
Evaluate -13 + 8 - -4 - 2.
-3
2 + (1 - 4 - 7)
-8
-1 + 5 + -3 - (-7 + 0)
8
26 - 30 - (-9 + -1)
6
What is the value of -4 + 1 + 3 + -8 + 6?
-2
(-3 - -14) + 2 + (-10 - -2)
5
What is 7 - 17 - (1 - (4 - -3))?
-4
Evaluate 0 - ((1 - -2 - 6) + 3).
0
Evaluate 9 - (9 + -9) - 7.
2
Evaluate -2 - ((5 - 4) + (1 - -1)).
-5
Evaluate 8 + (-4 - 6 - -1).
-1
Calculate (6 + 2 - 2) + -5 + 2.
3
7 - (10 - 6) - 9
-6
-1 + 8 + (-4 + 5 - 4)
4
What is the value of 1 - (13 + -5 + -1 + -1)?
-5
What is the value of -1 - 5 - (5 - (7 + 4))?
0
Evaluate 31 + -26 + (-2 - -1).
4
What is (4 + -2 - -1) + -3?
0
-7 + (3 - (-14 + 18))
-8
What is -3 + -2 + (10 - (-1 - -3))?
3
What is the value of -3 + (8 - (14 + -8))?
-1
Calculate -12 + 5 + (3 - 1) - 1.
-6
What is the value of 6 + -5 + 0 + -3 + 1?
-1
What is the value of -2 - (7 - 31 - -7) - 6?
9
What is -12 - -10 - (5 + -4)?
-3
What is the value of (2 - -3) + -5 + -1?
-1
Calculate 8 + 6 + -6 + 7 + -7.
8
Evaluate 1 + -11 + 18 + -12.
-4
What is the value of (4 - (-1 + 4)) + (0